eatest common divisor of 42 and 166799346.
42
What is the highest common factor of 30769837 and 966?
161
What is the highest common divisor of 73772093 and 94?
47
What is the greatest common factor of 300563 and 2126413?
2809
Calculate the highest common factor of 963 and 7071630.
321
What is the highest common divisor of 334056 and 61752?
744
What is the highest common factor of 174 and 52863694?
58
Calculate the greatest common factor of 59704 and 218528.
8
Calculate the greatest common divisor of 4194036 and 1721972.
2492
What is the greatest common divisor of 37921430 and 24792?
2066
Calculate the greatest common divisor of 2415413 and 569468.
2413
What is the greatest common divisor of 1708 and 38866996?
28
Calculate the greatest common divisor of 108 and 36192339.
27
What is the greatest common factor of 2200 and 285550?
50
What is the greatest common factor of 14470337 and 2597?
49
What is the highest common divisor of 111546 and 288?
18
Calculate the highest common divisor of 1075 and 465925.
25
What is the highest common divisor of 2621220 and 1176?
84
What is the greatest common divisor of 5117338 and 4826?
254
What is the greatest common divisor of 5677 and 293699?
7
Calculate the highest common factor of 397 and 5080818307.
397
Calculate the greatest common divisor of 103464 and 60833.
479
Calculate the highest common factor of 28 and 17151022.
14
What is the highest common divisor of 938121444 and 14940?
2988
Calculate the greatest common divisor of 1296 and 7807374.
54
Calculate the greatest common factor of 142345 and 140851.
83
What is the greatest common factor of 859449 and 291?
3
What is the greatest common divisor of 4408 and 1673618420?
2204
Calculate the greatest common factor of 447419 and 637.
49
What is the highest common divisor of 339928 and 8984?
8
What is the greatest common divisor of 78025 and 5825?
25
What is the greatest common factor of 22829 and 73149?
37
What is the highest common factor of 15566 and 6230356?
86
Calculate the greatest common divisor of 184553434 and 13.
13
Calculate the greatest common factor of 6047055 and 2212.
553
What is the greatest common factor of 1255603 and 76415?
17
Calculate the highest common divisor of 506400 and 31800.
600
What is the greatest common divisor of 569196 and 1269342?
1746
Calculate the greatest common divisor of 16584 and 49258626.
4146
Calculate the greatest common factor of 29492826 and 3828.
1914
Calculate the greatest common factor of 10220 and 8107526.
1022
Calculate the greatest common divisor of 1498 and 51057618.
214
Calculate the highest common divisor of 33293 and 162131.
197
What is the greatest common divisor of 6038474 and 46176?
962
Calculate the greatest common divisor of 68276 and 2244220.
404
Calculate the highest common divisor of 254 and 261089521.
127
What is the highest common factor of 18653 and 21160?
23
What is the greatest common factor of 54613 and 30004?
13
Calculate the highest common divisor of 7939614 and 3486.
498
What is the highest common factor of 1032416 and 1617?
77
Calculate the highest common divisor of 13692 and 10479596.
652
Calculate the greatest common factor of 499 and 130618739.
499
Calculate the greatest common factor of 85924 and 1476.
4
Calculate the greatest common factor of 54195500 and 900.
100
What is the highest common factor of 10199 and 259439?
31
Calculate the highest common factor of 16 and 18781484.
4
What is the greatest common divisor of 2763655 and 55?
5
Calculate the greatest common factor of 36 and 1445139.
9
Calculate the highest common factor of 912120 and 23370.
30
What is the highest common divisor of 27 and 77307489?
9
Calculate the greatest common factor of 468 and 2837874.
78
Calculate the greatest common divisor of 29583 and 8873.
19
Calculate the highest common factor of 4507624 and 127633.
3113
What is the greatest common divisor of 1730130 and 557520?
3030
What is the highest common factor of 176219 and 99651?
563
Calculate the greatest common factor of 30652 and 1742740.
316
Calculate the greatest common factor of 544 and 800258.
34
What is the greatest common divisor of 85359720 and 96?
24
What is the highest common factor of 1675 and 80725?
25
What is the highest common divisor of 12065000 and 15?
5
Calculate the greatest common factor of 22543735 and 2935.
2935
What is the highest common factor of 3357 and 61311875?
373
What is the greatest common divisor of 25867756 and 37980?
844
Calculate the greatest common divisor of 170536181 and 2692.
673
What is the greatest common factor of 132997 and 168661?
743
What is the highest common factor of 301 and 1187316?
43
What is the highest common factor of 3076 and 735216292?
3076
Calculate the highest common factor of 4158587 and 57.
19
Calculate the greatest common factor of 6580 and 1181695620.
6580
Calculate the highest common factor of 1677009 and 20784.
1299
Calculate the highest common divisor of 1595 and 51363565.
55
Calculate the greatest common factor of 25384479 and 1403.
1403
What is the greatest common factor of 3149602 and 674?
674
What is the greatest common divisor of 5076 and 442692?
108
Calculate the greatest common divisor of 560807 and 6802.
179
What is the greatest common divisor of 21153 and 74811?
33
What is the highest common factor of 372 and 6495306?
186
Calculate the highest common factor of 3604856 and 9256.
712
Calculate the greatest common factor of 27150 and 30032425.
4525
Calculate the highest common divisor of 2409693 and 243048.
1599
What is the greatest common divisor of 386505 and 5103?
189
Calculate the greatest common factor of 1586 and 1370243.
61
Calculate the highest common factor of 112941 and 2773.
47
Calculate the greatest common factor of 9200 and 18620.
20
What is the greatest common factor of 7247248 and 128?
16
What is the highest common divisor of 28 and 10973662?
14
Calculate the highest common divisor of 312 and 685451364.
156
Calculate the highest common divisor of 66464 and 331328.
992
What is the greatest common factor of 377862 and 2100?
6
What is the highest common divisor of 108898746 and 66?
66
Calculate the greatest common factor of 346482 and 3834.
18
Calculate the greatest common factor of 2960 and 1909348.
148
Calculate the highest common divisor of 1424661 and 34489.
2653
What is the highest common divisor of 38972739 and 543?
543
What is the greatest common factor of 28639 and 8812000?
2203
What is the greatest common factor of 72474 and 65142?
282
Calculate the highest common divisor of 83026599 and 16359.
2337
Calculate the greatest common factor of 136 and 3388184.
8
What is the highest common factor of 2532575 and 2841635?
8585
What is the highest common divisor of 2076331776 and 708?
708
What is the highest common divisor of 8034 and 2289?
3
What is the highest common factor of 63 and 2455523?
7
What is the greatest common factor of 3079029 and 222?
111
What is the greatest common divisor of 410 and 1282780?
10
What is the greatest common divisor of 23551638 and 349338?
5214
Calculate the highest common divisor of 103028127 and 19.
19
Calculate the greatest common divisor of 47724027 and 26.
13
Calculate the greatest common factor of 223279717 and 34.
17
Calculate the highest common factor of 4806793 and 184.
23
What is the highest common divisor of 14651406 and 462?
462
What is the highest common divisor of 13758108 and 4368?
1092
Calculate the highest common divisor of 3832830 and 52560.
90
What is the highest common factor of 12956 and 87863?
41
Calculate the highest common divisor of 1703 and 62595.
13
What is the greatest common divisor of 3458342 and 10792?
38
What is the highest common divisor of 16896 and 40624?
16
What is the greatest common divisor of 183061 and 122?
61
Calculate the greatest common factor of 32052272 and 6160.
112
Calculate the highest common factor of 6496616 and 13048.
56
What is the highest common divisor of 12760 and 36411408?
88
Calculate the highest common factor of 604232 and 317344.
376
What is the highest common factor of 9780 and 13290?
30
Calculate the greatest common divisor of 246 and 35091039.
123
What is the greatest common factor of 120 and 187761768?
24
Calculate the greatest common divisor of 424 and 95017552.
424
What is the hig